*j + 0*j**3 + 79*j**3. What is the hundreds digit of i(2)?
6
Let v = -5696 - -16345. What is the tens digit of v?
4
Let l be 16 - (43/9 + 16/72). What is the hundreds digit of (-518)/(-2) - (l - 12)?
2
What is the units digit of (-1)/(-1)*20/(5732/1146 - 5)?
0
Suppose 165*p + 372 = 163*p. Let j = 371 + p. What is the tens digit of j?
8
Suppose -259 - 5 = h. Let d = 144 + h. What is the units digit of ((-4)/10)/((-478)/d - 4)?
4
Suppose -9 = 2*i - 4*y - 7, -17 = -5*i - y. Suppose -l + 672 = 4*c - 5*l, 0 = -i*c - 2*l + 514. What is the hundreds digit of c?
1
Let j(t) = 5*t. Let p be j(0). Suppose p = -3*r + d + 1832, 4*r - 5*d - 2166 = 295. What is the hundreds digit of r?
6
Suppose 4*s - 13*v - 3346 = -10*v, 2*s = -3*v + 1664. What is the units digit of s?
5
What is the tens digit of 290138/20 - ((-1215)/150 + 8)?
0
Suppose 37*t - 34*t = 18. Let m(v) = v**3 - 4*v**2 - 12*v. Let a be m(t). Suppose -4*c + 90 + 258 = a. What is the tens digit of c?
8
Suppose -47*g - 8*g = 110. Let r(t) = 66*t**2 + 5*t + 7. What is the hundreds digit of r(g)?
2
Let o(t) = -t**2 + 7*t - 1. Let f be o(5). Let n = -1065 - -1064. What is the units digit of (n*411/f)/(1/(-3))?
7
Let k(y) = -y**2 + 7*y + 78. Let l be k(-6). Let j be 0 + (l - -3) + -1. What is the hundreds digit of -121*(-1 + j)*(8 + -9)?
1
Suppose -5*c + t = -795, 3*c = -c - 2*t + 636. Suppose -9 = 8*h - 89. Suppose -7*n - c = -h*n. What is the tens digit of n?
5
Let t(c) = -c**2 - 2*c + 8. Let x be t(-3). Suppose -2*r = 3*k - 14, 0 = 2*k + 4*r - x + 1. What is the tens digit of (6*(-112)/(-60))/(k/30)?
5
Suppose -10*s - 3*s + 36*s - 1471655 = 0. What is the thousands digit of s?
3
Suppose 18*w = 20*w - 16. Suppose 963 = 3*f + 3*s - w*s, -2*s = -5*f + 1586. Let p = 460 - f. What is the units digit of p?
4
Let d(h) = -86*h + 177. Let c be d(14). Let p = -168 - c. What is the hundreds digit of p?
8
Let m = -24 + 28. Suppose 0 = 5*k - 5*z, 3*z = 5*k - 2 - m. Suppose 0 = 5*p - k*p - 180. What is the tens digit of p?
9
What is the ten thousands digit of ((99/36 + -3)*1528864/(-4))/2?
4
Let u = 178 - 175. Suppose -u*f + 4*p + 729 = 0, f - 243 = -0*f + p. What is the tens digit of f?
4
Let q(n) = 6*n - 20 - 14*n + 2*n + 15*n**2 + n**3 - 3*n. What is the hundreds digit of q(-13)?
4
Suppose -5*y + 14580 = -3*j, 3*y - 2*j - 8767 = -4*j. What is the thousands digit of y?
2
Let d(g) = g**3 + 1001 - 1001. Let l(w) = 14*w**2 - 36*w - 14. Let j(m) = d(m) + l(m). What is the tens digit of j(-16)?
5
Suppose 0 = -2*g - 4*k + 27 - 3, -2*k = 4*g - 30. Suppose h + i - 5 = 2*h, -g = h - 2*i. What is the tens digit of (-1 + 3*h)*(-462)/21?
8
Let k = -451 - -473. Suppose -k*h = -10*h - 660. What is the tens digit of h?
5
Let m be (-8)/10*(-257595)/26. What is the hundreds digit of m/10 - 30/50 - 0?
7
Let t(c) = -3*c**2 + 19*c. Let i be t(6). Let p be i/10 - 3*(-6)/45. What is the tens digit of p*1/(-4) - (-666)/8?
8
Let q be (-1 + 2)*(-1 + 3). Let r(y) = y**2 + 37*y + 504. Let p be r(-30). Suppose -q*g + t = -304, 3*t - p = -2*g - t. What is the tens digit of g?
5
What is the hundreds digit of 1 - (456/(-228) - (-1 + 2 - -22822))?
8
Let q(p) = 7*p - 11. Let j be q(2). Suppose -6*t - 9 = j*t. What is the tens digit of t/(-8) + (-311)/(-8)?
3
Let a = -95194 - -182667. What is the tens digit of a?
7
Let n(x) be the first derivative of -13*x**2 - 3*x - 20. What is the tens digit of n(-6)?
5
Let i(n) = n**3 + 10*n**2 - n - 5. Let w be i(-10). Suppose -2*k = 2*h + 128, -6*k + 312 = -w*h - 3*k. Let u = h + 76. What is the units digit of u?
3
Suppose 67 = -5*n + 3*l, -3*n - 4*l - 9 = 8. Let i(y) = 4*y - y + 277 - 5*y - 274 - 11*y**2 - y**3. What is the units digit of i(n)?
5
Suppose 5*d = 31 + 774. Let n = 530 + d. What is the units digit of n?
1
Let l(u) = 7*u**2 - 27*u. Let p be l(4). Suppose 0 = 2*s - 4*y - 1382 - 182, p*y + 12 = 0. What is the tens digit of s?
7
Let m(y) = y**3 + 15*y**2 + 28*y + 28. Let s be m(-13). Suppose 0 = s*o - 50 - 142. Suppose 26 = -p + o. What is the units digit of p?
0
Let o = -8997 + 12489. What is the thousands digit of o?
3
Let r(t) = 2*t - 13. Suppose -3*n + 5*k = -19, -k = -4*n - 2 + 33. Let l be r(n). Suppose -2*h + 157 = v, -l*h + h + 177 = 5*v. What is the tens digit of h?
7
Suppose -5*f + 33256 = 3*p, -2*f - 9*p + 13340 = 11*p. What is the hundreds digit of f?
6
Let c(b) = -80*b**2 - 4*b + 1. Let f be c(2). What is the hundreds digit of -2 - f/2 - 13/(-26)?
1
Let i be (0*6/(-42))/1. Suppose i*b - 5*l = 4*b - 1244, -4*l = 0. What is the tens digit of b?
1
Let y(r) = 25*r**2 + 199*r - 3184. What is the units digit of y(40)?
6
Suppose 3*g = 4*i + 12606, -7*g + 2*g = -2*i - 20996. What is the thousands digit of g?
4
Let r be (1 + 2)/(20/(-8) - -1). Let u(o) = -1245*o - 1. Let t be u(-1). What is the tens digit of r/(-7) + -2*t/(-14)?
7
Let m = 141447 - 90221. What is the thousands digit of m?
1
Suppose 0 = d - 5*c, d - 5*c - 40 = -2*d. Let r(v) = -v**2 + 19*v + 21. Let l be r(d). What is the units digit of ((-10)/15)/(l/(-99))?
6
Let u = 173 + -167. What is the units digit of u*(44/3 - -5)?
8
Suppose 0 = -64*a - 69477 + 271653. Suppose -2*v - 239 + a = 3*g, 3*v - 4387 = -g. What is the units digit of v?
3
Suppose -569*r - 1313136 = -641*r. What is the units digit of r?
8
Let o(t) = 2*t**2 - 5*t + 18. Let m be o(7). Let b = m + -50. What is the units digit of b?
1
Let c = -14 - -19. Let w be c + (-7)/2 - (-30)/(-4). Let p(h) = 3*h**2 + 6*h - 2. What is the tens digit of p(w)?
7
Let j(m) = 2*m**2 + 1. Let p be j(1). Suppose p*v - 86 = 124. Suppose 5*i - v - 160 = 0. What is the tens digit of i?
4
Let h(u) = 35*u + 207. Let l be h(-6). What is the hundreds digit of 20/l*(-1314)/30?
2
Suppose 0*q - 2*q - 2*z = -20, 5*q = -4*z + 52. Suppose l = -l + q. Suppose 4*h = -g + 81, 0 = g + 3*h - l*h - 46. What is the tens digit of g?
6
Let u = 220 - 155. Let d = -51 + u. What is the hundreds digit of -87*(d/(-6) - -1)?
1
Suppose -t + 28*j = 29*j - 22246, t - 3*j - 22234 = 0. What is the ten thousands digit of t?
2
Let k = 6702 - 1550. Let w = -3166 + k. What is the thousands digit of w?
1
Let k(p) = -45*p + 1. Let b be k(1). Let x = 477 + b. What is the units digit of x?
3
Suppose 0*g + 5355 = -7*g. Let s = 1663 + g. What is the tens digit of s?
9
Let j(l) = 2*l**2 + 66*l + 179. What is the hundreds digit of j(-68)?
9
Suppose 4*i - 3*f + 6*f = -9, -i + 4*f = 26. Let h be (-4)/i - 141/9. What is the units digit of 64*(-6)/4*10/h?
4
Let f(w) = w + 25. Suppose 0*a = -2*a - 2*g - 26, -2*a = -2*g + 46. Let u(l) = -l - 32. Let r be u(a). What is the tens digit of f(r)?
1
What is the units digit of ((-12656)/(-70))/((-3)/(-900))?
0
Suppose -3*u - 5*f - 76 = -2*u, 0 = -u - f - 60. What is the hundreds digit of 654 - -1*u/8?
6
Suppose 12447 = 16*o - 625. Suppose 380 = 21*b - o. What is the units digit of b?
7
Suppose 0 = 191*s - 194*s + 1128. What is the tens digit of s - ((-8)/(-14) + 42/98)?
7
Let z be (5/(-1) - (9 - 10)) + 244. Suppose 4*g + 748 = 3*m, 0 = -3*m + 2*m - g + z. What is the hundreds digit of m?
2
Suppose 140*n + 796 = 142*n. Suppose 0 = -2*b - 5*p + 4*p + n, b - 199 = 2*p. What is the hundreds digit of b?
1
Let r(t) be the first derivative of -15*t**2/2 - 41*t - 11. What is the units digit of r(-17)?
4
Suppose 33*r + 22*r + 3851 - 332146 = 0. What is the tens digit of r?
6
Suppose -5*l + 28*r - 25*r + 35225 = 0, -2*l + 2*r + 14094 = 0. What is the units digit of l?
2
Suppose 0 = -3*r - 5*g + 156581, -r - 19484 = -4*g - 71672. What is the tens digit of r?
9
Suppose -2*q = -5*p + 414735, -58*p - q + 580610 = -51*p. What is the hundreds digit of p?
9
Let k be 2 - (-1 + 2 - 2). Let o(a) be the second derivative of a**5/10 - a**4/6 - a**3/3 + a**2 + 792*a. What is the tens digit of o(k)?
3
Let z(j) = 2*j**2. Let d(g) = -6*g**2 - 456. Let q(f) = -d(f) - 2*z(f). What is the units digit of q(0)?
6
Let x = -51318 - -76652. What is the tens digit of x?
3
Let i(o) = -6*o - o**3 - 6*o - 10*o - 15 - 12*o**2. Let k be i(-10). Suppose -k*v + 697 + 323 = 0. What is the hundreds digit of v?
2
Let l(o) = -o + 16. Let u be l(14). Let b(g) = 109*g - 1. Let m be b(u). Suppose m = 3*k + 1. What is the tens digit of k?
7
Suppose 0*h = -4*h - 2*c - 9670, 0 = 3*h + c + 7250. Let k be 4/(-5) + h/75. Let w = 40 + k. What is 